 12998*d + 52818. What are the prime factors of d?
8803
Suppose 35*n = 88506 + 96049. List the prime factors of n.
5273
Suppose 9*l - 10*l + 250632 = 23*l. List the prime factors of l.
3, 59
Suppose -5*z + 9*i - 40 = 4*i, -4*z + 2*i - 42 = 0. Let k be 15 + z - -7*(83 + -1). Suppose -4*r + 0*r = -k. List the prime factors of r.
2, 3
Let i be (-5)/2*(-132)/55. Suppose 512 + 1540 = i*n. List the prime factors of n.
2, 3, 19
Let a(s) be the second derivative of 2*s**4/3 - s**3/2 - s**2/2 - 3*s + 25. List the prime factors of a(-6).
5, 61
Suppose -843414 = -1228*x + 1189*x. List the prime factors of x.
2, 11, 983
Suppose 2*i - 25*o - 96776 = -29*o, 3*o = -i + 48380. List the prime factors of i.
2, 12101
Let u(x) = 444*x**2 - 15*x + 45. What are the prime factors of u(8)?
3, 47, 67
Let y be 4/(1/(-43)*-1). Suppose -46*f + 36*f = -970. Let m = y + f. What are the prime factors of m?
269
Suppose 2*n = 2*u - 14478, -14477 = -2*u - 9*n + 10*n. List the prime factors of u.
2, 7, 11, 47
Suppose -2*n - 4*d + 49514 = 0, -2*n - 3*d = -34001 - 15516. What are the prime factors of n?
24763
Let p be (-168)/((-2 + 0)*12/(-16)). What are the prime factors of (p + -16)/(2/(-4))?
2
Let q(d) = -d**2 - 20*d - 80. Let c be q(-15). Let h(p) = -35*p - 96. List the prime factors of h(c).
79
Let q(o) = -o**2 - 4*o. Let w be q(2). What are the prime factors of 48*(6 - (-3)/w)?
2, 3, 23
Suppose 0 = -25*c + 23982 + 2093. Suppose c = -27*t + 23642. What are the prime factors of t?
3, 31
Let u(k) = 7*k - 77. Let p(c) = c**3 + 34*c**2 + 32*c - 19. Let v be p(-33). What are the prime factors of u(v)?
3, 7
Suppose 7*m + 22467 = 89471. What are the prime factors of m?
2, 2393
Let d be (-2)/(-12)*2*27. Let s be 1 - 19 - (-9)/(d/(-2)). What are the prime factors of (-844)/s - (1/5 - 0)?
2, 3, 7
Let l be (-119)/49*1 - 8/14. Let h be -384*l/(-9)*-1. Let a = 73 + h. List the prime factors of a.
3, 67
Let r(d) be the first derivative of 79*d**2/2 + 21*d + 35. What are the prime factors of r(8)?
653
Let d be (-12701)/(-1) + (-6)/6. Suppose 44*t = 64*t - d. What are the prime factors of t?
5, 127
Let v = -61 + 40. List the prime factors of 169 + (-7)/v + (-2)/6.
13
Suppose 205*c + 28644 = 630319. What are the prime factors of c?
5, 587
Let s(n) = n**2 + 2*n + 7. Let d be ((-2)/(-6))/((-4)/24). Let q be -9 - (-4 + (d - -2)). List the prime factors of s(q).
2, 11
Suppose 22*p - 51940 - 68588 = -22012. List the prime factors of p.
2, 2239
List the prime factors of 1 - (-12 - 66/(-11) - (9363 + 2)).
2, 3, 11, 71
Let b = -10 + 4. Let n be (30/(-20))/(b/488). Suppose -n = -m - 36. List the prime factors of m.
2, 43
Suppose -48297 = 167*g + 27*g - 430865. List the prime factors of g.
2, 17, 29
Let g(p) = 194*p - 11. Let n be g(13). Let r = -1686 + n. What are the prime factors of r?
3, 5, 11
Suppose y + 4*y = 2*t - 1761, 3*t = 3*y + 2619. Let x = 669 + t. List the prime factors of x.
29, 53
Let a = 30907 - 21233. What are the prime factors of a?
2, 7, 691
Suppose 3142 = -18*r - 2888. Let p = -112 - r. List the prime factors of p.
223
Let l be (168/(-28))/((-2)/((-1172)/(-3))). Suppose -12*c + l = -8*c. What are the prime factors of c?
293
Let c be 2*(-2 - (-3 - 0)). Let v = -297 - -330. Suppose c*k + 5*p = p + 96, -3*p - v = -k. List the prime factors of k.
2, 3, 7
Let i(v) = v**3 + 5*v**2 + 2*v + 5. Let s be i(-4). Let d(u) = -9 + 9 - 3 + u. List the prime factors of d(s).
2, 5
Let q = 6739 - 6573. List the prime factors of q.
2, 83
Suppose 0 = -z - 19 + 22. Let d(p) = z - 64 - 61*p + 38*p. What are the prime factors of d(-8)?
3, 41
Suppose 16*g = 6459 + 5589. Let o = -492 + g. List the prime factors of o.
3, 29
Let a = -5689 + 19420. List the prime factors of a.
3, 23, 199
Suppose 38116 = 7*b - 21632 - 44384. List the prime factors of b.
2, 3719
Let k(q) = 5*q**3 - 14*q**2 + 10*q + 33. Let y(d) = 6*d**3 - 14*d**2 + 9*d + 33. Let b(c) = -7*k(c) + 6*y(c). What are the prime factors of b(-14)?
191
Let k be (-2)/((-7)/7 + (-22455)/(-22461)). Suppose t = -5*d + k, 5*d - 6*t + 2*t - 7477 = 0. List the prime factors of d.
3, 499
Suppose -l + 2*o - 260 = 0, 3*l - 7*o + 3*o = -770. List the prime factors of ((-300)/l)/(6/2920).
2, 73
Suppose 103*d = 105*d + 194. Let v = 145 + d. What are the prime factors of v?
2, 3
List the prime factors of (-26)/117*(-4372389)/14.
69403
Suppose 663 = p - 75*a + 80*a, -3*a + 663 = p. What are the prime factors of p?
3, 13, 17
Suppose 5*g + 7*m - 2*m = -10, -3*m - 12 = 0. Let n(l) = -l**3 - 19*l + 5 + 7*l**2 + l**g + 19*l. What are the prime factors of n(7)?
2, 3
Let i be 8/20 + (-1352)/5. Let g = -84 - i. Suppose g = 7*n - 5*n. What are the prime factors of n?
3, 31
Suppose -2*c + 14 = 4*b, -4*b = -6*b - 4*c + 4. Suppose 0 = 4*v - b*w - 36, w + 29 = 5*v - 0*w. Let m(l) = 26*l + 5. List the prime factors of m(v).
3, 5
Let b = 4146 + -2046. What are the prime factors of b?
2, 3, 5, 7
Suppose 41073 - 49425 = 5*r - 162717. What are the prime factors of r?
3, 41, 251
Let u(p) = -3*p + 7. Let d be u(5). Let w = 7 + d. Let f(n) = -44*n - 1. List the prime factors of f(w).
43
Let w(u) be the first derivative of 2*u**2 - 16*u - 9. Suppose m = -5*t + 43, 3*t = 4*m - m - 39. What are the prime factors of w(m)?
2, 7
Let x be 4 - 5/2*(-256)/160. Suppose -1493 = -k - 5*v, 5*k - 2*v - 7457 - x = 0. What are the prime factors of k?
1493
What are the prime factors of (-582 + 4 + -1)*(-150)/50?
3, 193
Suppose 70464 = -25*o + 27*o + s, 6*o = -2*s + 211388. What are the prime factors of o?
2, 5, 13, 271
Suppose -194*t + 223*t - 79344 = 0. List the prime factors of t.
2, 3, 19
Suppose 0 = -28*n + 13 + 71. What are the prime factors of (n/(-12))/(30/(-27240))?
227
Suppose -351*h + 346*h + 183799 = -2*y, 3*h + 5*y = 110267. List the prime factors of h.
3, 12253
Suppose 154156 + 83900 = 13*b + 26*b. What are the prime factors of b?
2, 7, 109
Let r = -82 - -86. Suppose 0*x - 2*p = 5*x - 2241, 1794 = r*x + 2*p. List the prime factors of x.
3, 149
List the prime factors of 6/30 + 170042/15 + (-6)/(-9).
3, 3779
Let q(j) = -21*j + 23. Let w be q(1). Suppose 3*y + 1989 = w*d, 0 = 5*d + y + 3*y - 5030. What are the prime factors of d?
2, 3, 167
Let m(x) = x**3 - 28*x**2 + 113*x + 37. Let p be m(23). What are the prime factors of (-3912)/p - 11/(-33)?
3, 5, 29
Suppose 3*j = 2*d - 4*d - 9, -2*d + 5*j = -31. Let w be (d/(-6))/(7/98). What are the prime factors of (0 + w)/((-8)/80)?
2, 5, 7
Suppose 2*i - 96 = 4*y, -4*y + 10 = -5*y - 3*i. Let n = y + 66. What are the prime factors of n?
2, 11
Suppose 12*l + 5*p = 17*l - 151415, 4*p = 2*l - 60572. What are the prime factors of l?
2, 5, 757
Let s(o) = -102*o + 9949. What are the prime factors of s(0)?
9949
Let a be (0 - -1)/(1/(-51)). Let j = 1153 + -1033. Let f = j + a. What are the prime factors of f?
3, 23
Let u be ((-6)/15)/(14/280). Let i(x) = -99*x + 128. List the prime factors of i(u).
2, 5, 23
Suppose 2*h + 24 = -4. Let w(c) = -c + 18 - 10 + 2 - 2. List the prime factors of w(h).
2, 11
Let v = 1660 - -567. Suppose -12*x + 4049 + v = 0. List the prime factors of x.
523
Let k = 147996 - 54911. What are the prime factors of k?
5, 18617
Suppose 0 = -265*h + 270*h + 2440. Let s = h + 1478. List the prime factors of s.
2, 3, 5, 11
Let v = -141 - -143. What are the prime factors of 1/(v + (38/36 - 3))?
2, 3
Suppose 0 = 2*r - r - 590. Suppose 0 = -4*h - 2*i + 472, -4*i + 5*i = 5*h - r. What are the prime factors of h?
2, 59
Let y(i) = -i**3 + 21*i**2 + 29*i - 414. List the prime factors of y(20).
2, 283
List the prime factors of ((-1)/7 - (-442905)/105) + 4.
2, 2111
Let f = -26 + 32. Suppose 11*b = f*b + 40. Suppose -2*c + b*c = 594. What are the prime factors of c?
3, 11
Suppose 4*z - 63*z + 190047 = 6026. List the prime factors of z.
3119
Suppose b + 15673 = z, 43 - 31 = 3*b. List the prime factors of z.
61, 257
Suppose 2*j + y = 7*j - 460, -4*y = 3*j - 276. Let i be (138 + 0 - 1) + -4. Let o = i - j. List the prime factors of o.
41
Let b = 6 + -7. Let i be (-85)/(-34)*(1 + b - -2). Suppose -3*l - 3*u = -2*l - 5, 0 = i*l - 3*u - 25. List the prime factors of l.
5
Let h(m) be the third derivative of 53*m**5/60 - 13*m**4/24 - 7*m**3/2 - 5*m**2 + 3. What are the prime factors of h(-2)?
7, 31
Let l(z) = 11790*z**2 + 9*z + 9. What are the prime factors 